7. Let w be 1 - (0/(-3) - 2). Calculate the greatest common divisor of w and o.
3
Let x be (-8)/(-6) + (-9)/27. What is the greatest common factor of x and 2?
1
Let v(x) = 17*x**2 - 2*x - 3. Let r be v(-1). What is the greatest common factor of 144 and r?
16
Suppose 2*x = 6, 4*k + 4*x = 67 - 19. Calculate the highest common factor of 9 and k.
9
Let p = -5 + 8. Suppose i - 168 = -p*i. Suppose 0 = -4*w + 3*n + 65, 4*n = -w + i - 2. Calculate the greatest common factor of w and 4.
4
Suppose -5*h = -2*h - 132. Let y be 48/2 + 0 - 2. Calculate the greatest common divisor of y and h.
22
Suppose 5*d = 2*v - 17, 19 = 5*v - 3*d - 14. Suppose -110 = -2*o + h, -2*h - 210 = -4*o - 5*h. What is the greatest common factor of v and o?
6
Suppose 8*h - 12*h + 24 = 0. Let c be 18 + (h/(-3))/1. Let l(v) = -v**3 - 3*v**2 + 7*v - 2. Let p be l(-6). Calculate the greatest common divisor of p and c.
16
Let i = -1 + 5. Suppose 2*z = -i*k + 100, k + 3*k - 106 = z. Calculate the highest common divisor of 39 and k.
13
Let o be 18/(-4)*(-1 + -1). Let t = 170 + -107. What is the greatest common factor of t and o?
9
Let j = 6 - -14. Calculate the highest common factor of j and 4.
4
Suppose i + 9 = 3*r - 7, 0 = 2*i - 4*r + 22. Let x be 5 + 3 - (i - 1). Calculate the greatest common factor of x and 70.
10
Let v be -16 + 62 + 3 + -1. Suppose 16 = -2*q + 40. Calculate the highest common divisor of v and q.
12
Suppose 7 = -k - 2. Let m = 24 - k. What is the greatest common divisor of 3 and m?
3
Suppose -t + 13 = -8. Let h be (t/14)/((-6)/(-56)). What is the greatest common factor of 56 and h?
14
Let j = -7 - -16. Suppose 39 = 3*n + j. Calculate the greatest common factor of n and 30.
10
Let f(i) = -3*i + 5. Let u be f(-7). Let z = u - 8. What is the greatest common factor of z and 180?
18
Suppose 2*h - 180 = -2*l, 0*l - 2*h = -l + 84. Suppose -n - 2*w = -20, -w + 1 - 2 = 0. What is the highest common divisor of l and n?
22
Let r be 32/(0 - -2) + 1. Let y = r + -6. Calculate the greatest common divisor of 121 and y.
11
Let x be 8*1/(-2)*-1. Suppose 3*z + 28 = -32. Let k = 8 - z. Calculate the highest common factor of x and k.
4
Let b = 14 + -9. Let l(x) be the second derivative of x**5/20 - x**4/2 + 5*x**2/2 + 2*x. Let u be l(6). What is the highest common divisor of b and u?
5
Let k(i) = i**3 + 5*i**2 - 7*i - 11. Let n be k(-5). Calculate the highest common factor of n and 24.
24
Let g be (-1)/((-1 + 1 + 1)/(-11)). Let s be (0 - 9)/(24/(-176)). What is the greatest common factor of s and g?
11
Suppose 7*y - 180 = 135. Suppose -4*t - 28 = 4*r, -r + 0*t - 3*t = 17. Let l(w) = 8*w**2 - 2. Let n be l(r). Calculate the greatest common factor of n and y.
15
Suppose 3*y - 185 - 1183 = 0. Let o be y/(-88) - 2/(-11). Let b be o*(1 - -1 - 6). Calculate the greatest common divisor of 220 and b.
20
Let c be (-2)/(-3) + (-495)/(-27). What is the greatest common factor of 152 and c?
19
Let f(q) = -q**3 + 11*q**2 - 6. Let x be f(11). Let j be (0 + 6)*(-1)/x. Calculate the greatest common factor of 7 and j.
1
Suppose b + 0*b + 67 = 5*r, 2*r - 2*b - 22 = 0. Suppose 0*p + p = 154. Calculate the greatest common factor of p and r.
14
Let a = 1 - -2. Let i(f) = f**2 + f - 2. Let k be i(3). Suppose -k = -4*b + 14. What is the greatest common divisor of a and b?
3
Let l(b) = b**3 - 6*b**2 + 6*b + 1. Let c be 0 + 6/3 + 3. Let n be l(c). What is the greatest common factor of n and 6?
6
Suppose -b - 18 = -2*b. Suppose -5*j = 0, -3*q - 5*j + 3 = -4*j. Let w be (-110)/(-4) - q/2. What is the greatest common factor of b and w?
9
Suppose 0 = -j + q - 3*q - 14, 24 = -2*j - 3*q. Let s = -8 - j. Let l be 54/7 - s/7. What is the highest common divisor of l and 4?
4
Let c = -125 - -221. Let m = c + 14. Suppose -u - 4*u = -m. What is the greatest common factor of 2 and u?
2
Let j = 17 + 0. Suppose 0 = u + 2*p - 7, 2*u + 32 - 10 = 5*p. Let x(f) = -86*f**3 - 2*f**2 - f. Let l be x(u). What is the greatest common factor of l and j?
17
Let k(i) = i**2 + 7*i - 5. Let m be k(-8). Suppose -4*r = -t - 100, m*r = -r + 2*t + 104. What is the greatest common divisor of 36 and r?
12
Let x be (-76)/(-18) + 6/(-27). Suppose -2*o - 14 = -h, -h + 1 = 3*o + 2. Calculate the greatest common factor of h and x.
4
Let r(q) = -3*q**3 - 3*q**2 + 3*q + 7. Let x be r(-2). Let a be 90 - -1*(0 - -1). Calculate the highest common factor of a and x.
13
Let r(d) = -11*d - 4. Let m be r(-1). Calculate the greatest common divisor of m and 1.
1
Let h be ((-1)/3)/((-8)/72). Suppose h + 3 = 2*r. What is the highest common factor of 1 and r?
1
Let a(d) = 2*d**3 + d**2 + 4*d - 3. Let l be a(2). Let k = 739 + -689. What is the greatest common factor of k and l?
25
Let v = 11 + -9. Suppose -2*z - v*z = -24. Calculate the highest common factor of z and 15.
3
Let a = 121 - 73. Calculate the greatest common divisor of 6 and a.
6
Suppose 0 = z - 3*j - 5, 0 = 4*z - 2*j - 25 - 5. What is the greatest common factor of z and 1?
1
Let z be 7/1 + (15 - 16). What is the highest common factor of 18 and z?
6
Let k = 4 + 0. Let z(y) = 2*y**3 - 7*y**2 + 6*y - 1. Let p be z(k). Let d be 2/7 - (-178)/14. Calculate the highest common factor of p and d.
13
Let y be (-1)/(-4)*14*2. What is the greatest common divisor of y and 77?
7
Let z(m) = m**2 + 9*m + 7. Let u be z(-8). Let o(h) = 8*h**2 + 1. Let b be o(u). Calculate the greatest common factor of 36 and b.
9
Let m = 24 + -6. Suppose -1 = -j + l + 3, 3*j = l + 8. Suppose -j*f + 8 = 2*f. Calculate the greatest common factor of m and f.
2
Let r(s) be the second derivative of -s**4/12 + s**3/3 + s**2/2 - 2*s. Let t be r(0). Calculate the greatest common divisor of t and 7.
1
Let g(v) = -v + 10. Let k be g(7). Suppose -i + 30 = 2*d - 5, k*d - 35 = 2*i. What is the greatest common divisor of d and 30?
15
Suppose -4*v - 40 = -5*n + 52, -5*n + 77 = v. Suppose 0 = -2*w - r + 227, 4*w - 109 - 336 = r. Calculate the greatest common divisor of n and w.
16
Suppose 10*o - 103 = -23. Let n = 31 + -13. Suppose -2*j - 2 = -n. Calculate the highest common factor of o and j.
8
Let i be ((-1)/(-2))/((-1)/(-132)). What is the highest common divisor of i and 22?
22
Suppose 2*y - 37 = y. Let v = y + -16. Let u be 2/(-1*(-6)/9). What is the highest common factor of u and v?
3
Let s(y) = 2*y**2 - 5*y - 8. Let d be s(5). What is the highest common divisor of 85 and d?
17
Let m be (1 - 4) + -9 + 14. Suppose -w - m*w = -33. Suppose 0 = 4*q - 2*j - 106 - 80, 127 = 3*q + j. What is the greatest common factor of w and q?
11
Let v = 25 + -9. What is the greatest common factor of v and 112?
16
Let n be 4*(-4 - -3 - -2). Suppose n*h = -h + 450. What is the greatest common divisor of 10 and h?
10
Let d = 6 - 0. Let g = -1 + d. Suppose -18 - 7 = -5*i. Calculate the greatest common factor of i and g.
5
Let a be 0/(-2) - 3*-1. Suppose 15 = a*y - 0. What is the greatest common divisor of 10 and y?
5
Suppose -v + 0 = -5. Suppose 0*g - 2*g = -3*q - 71, -89 = -2*g - 3*q. Calculate the highest common divisor of v and g.
5
Let j = -57 + 113. Suppose -u = 2*u - 168. Suppose -2*n - u = -6*n. What is the greatest common factor of n and j?
14
Let m(f) = -2*f**2 + 3*f - 2. Let u be m(2). Let d = -4 - u. Suppose -k = -11 - d. What is the greatest common divisor of k and 88?
11
Let v be (-10)/6 + 2 + (-1196)/(-39). Calculate the highest common divisor of v and 155.
31
Let d be (-3 + 2 - -2) + 17. Calculate the highest common divisor of 90 and d.
18
Let w = 1 - -2. Calculate the highest common factor of w and 6.
3
Suppose -2*u - 2*u - 52 = -4*g, -5*u = -g + 85. Let r be u/5 + (-8)/20. Let l = r + 88. Calculate the greatest common factor of 12 and l.
12
Let v = -22 - -50. What is the greatest common divisor of 112 and v?
28
Suppose 68 = 4*w - 4*f, w - f - 33 = 4*f. Suppose 7 + w = 5*b. Suppose -60 = -3*r + 5*p, 6*p = 4*r + p - 80. Calculate the highest common divisor of r and b.
4
Suppose 7*v - 18 = 4*v + 5*j, 5*j = 4*v - 29. Calculate the greatest common factor of 297 and v.
11
Let r = -15 - -40. Suppose 0 = -5*f + r + 5. Suppose 3*c + 0 - 9 = 0. What is the greatest common divisor of c and f?
3
Let i(g) = -g**2 + 9*g + 8. Let o be i(8). Calculate the highest common factor of o and 4.
4
Let o(t) = 11*t**2 + t. Let s be o(-1). Calculate the highest common factor o